uppose -2*f = f + 4*g - 91, 4*f - 84 = 4*g. What is the remainder when 73 is divided by f?
23
Suppose -x + 2*x - 4 = 0. Suppose 5*u = 0, 3*u - x*u - 34 = -2*o. What is the remainder when 33 is divided by o?
16
Let s(f) = f**2 - f - 3. Let x be s(0). Let a(b) = -1. Let n(r) = 2*r**2 - 3*r - 1. Let k(d) = x*a(d) + n(d). What is the remainder when 19 is divided by k(3)?
8
What is the remainder when 6*4 + (-3 - -2) is divided by (-2)/(-8) + 124/16?
7
Suppose -3*v = -0*v. Let h(w) = w + 1. Calculate the remainder when 2 + (-12 - v)/(-1) is divided by h(4).
4
Let t = -15 + 19. What is the remainder when 43 is divided by t/(-4) + 26 + -3?
21
Suppose 3*b - 2*n + 3*n - 19 = 0, 2*n = 2*b - 26. Calculate the remainder when 14 is divided by b.
6
Let c(k) = 8*k - 29. Calculate the remainder when 9 is divided by c(4).
0
Let z = 8 - -14. Calculate the remainder when 64 is divided by z.
20
Suppose -4 = m - 2*m + 4*r, -30 = -4*m + 2*r. Calculate the remainder when m is divided by 3.
2
Let u(z) = z**3 - 5*z**2 - z - 8. Let x(s) = 8 + s**2 - 3*s + 15*s + s**2 + 3. What is the remainder when x(-8) is divided by u(6)?
21
Let c(k) = -k**3 - 14*k**2 - 15*k - 15. Calculate the remainder when 42 is divided by c(-13).
9
Suppose -t + 3 = 0, 4*f = 2*f + t + 97. Let y = f - 28. What is the remainder when 63 is divided by y?
19
Let b(c) = c**3 - 9*c**2 + 9*c - 2. Let m be b(8). Suppose -i = -5*r + 13, -4*r = i - m - 8. Calculate the remainder when 7 is divided by r.
1
Let w(g) = 2*g**2 - 5*g - 43. Suppose -2*x + 53 = 1. What is the remainder when x is divided by w(-4)?
8
Suppose 3*c = 2*c + 75. Let o = c - 29. What is the remainder when o is divided by 16?
14
Let x = 13 + -3. Let y(q) = 3*q + 3. Let r be y(7). Let g = r + 4. What is the remainder when g is divided by x?
8
Suppose -l = -3*j - 9, 2*l = 4*l. Let v(b) = b**2 - 5*b - 2. Calculate the remainder when 2/j*-3*5 is divided by v(6).
2
Let i(q) = -16*q**2 + q - 1. Let u be i(1). Let l = u + -2. What is the remainder when (-6)/27 + (-310)/l is divided by 6?
5
What is the remainder when 62 - (-12)/2 - 1 is divided by 21?
4
Let a(b) = -9*b - 4*b - 19*b. Let c be a(1). Let m = -15 - c. Calculate the remainder when m is divided by 9.
8
Let c be (-1 - 1)*1 + 5. Suppose -4*n + 34 = 2*u, -c*n = -5*u + n + 43. What is the remainder when 19 is divided by u?
8
Let n = 187 - 43. Let q = -83 + n. Calculate the remainder when q is divided by 16.
13
Let b(p) = -p - 2. Let r be b(-4). Suppose -r*z + 10 = -z. What is the remainder when 20 is divided by (-2)/z - 36/(-5)?
6
Suppose -2*c = -2 - 10. Let k(r) = 2*r + 1. What is the remainder when k(c) is divided by 5?
3
Suppose 2*n - 4 = -0*n. Let x(k) = k**2 + 5*k + 5. Calculate the remainder when n is divided by x(-4).
0
Suppose 97 = 4*h - 5*n, -n - 25 = -4*h + 3*h. Let q = h + -8. Let t(j) = 2*j + 1. Calculate the remainder when q is divided by t(3).
6
Let f(l) = 6*l + 4 + 0*l**2 - 8 - 7 + l**3 + 10*l**2. What is the remainder when f(-9) is divided by (-2)/4*3*-6?
7
Let b(k) be the first derivative of -k**3/3 + 2*k**2 + 7*k - 3. Calculate the remainder when 2 is divided by b(5).
0
Suppose 0*v = 4*v + u - 40, -3*v = 2*u - 25. What is the remainder when v is divided by 3?
2
Suppose -5 = -2*w + w. Suppose 31 = 5*z + 3*f - 6, 4*z = w*f. Suppose -z*c + 50 = -20. What is the remainder when 40 is divided by c?
12
Suppose 7 = -r + 3*a, -27 - 14 = -5*r - 4*a. What is the remainder when 12 is divided by r?
2
Let r = 296 - 263. Let n = -7 - -16. Calculate the remainder when r is divided by n.
6
Let b(u) = u**3 - u**2 - 2*u - 1. Let p be b(-1). Let x be 70/21 + p/3. Suppose 14 = w - x. Calculate the remainder when w is divided by 9.
8
Let a(r) = -6*r**2 + 34*r - 25. Let z(m) = -2*m**2 + 11*m - 8. Let l(p) = 2*a(p) - 7*z(p). Calculate the remainder when l(6) is divided by 9.
6
Let m be 0 + 8/1 - 2. Suppose -20 = -2*p + 4*a, p = -2*p - 2*a + m. What is the remainder when 13 is divided by p?
1
Let f be 139/5 + 4/20. Suppose -g + f = 3*g. Let b(o) = 2*o - 5. Calculate the remainder when g is divided by b(4).
1
Let f(v) = -3*v**3 + 8*v**2 + 16*v - 21. Let h(a) = -a**3 + 2*a**2 + 4*a - 5. Let l(y) = 2*f(y) - 9*h(y). Calculate the remainder when l(3) is divided by 14.
12
Suppose -6*p + 26 = 4*x - p, 3*x - 4*p = 35. Suppose 4 + x = t. What is the remainder when 26 - 1*(1 + 0) is divided by t?
12
Let w = 25 - 4. Suppose 4*s + 76 = -4. Let o = 31 + s. Calculate the remainder when w is divided by o.
10
Let t be (-3)/6*2*-14. What is the remainder when 4/14 + 178/t is divided by 5?
3
Let y be 0 + (2 - 1) - 3. What is the remainder when (-1 - 1 - -12) + y is divided by 3?
2
What is the remainder when (-20)/8 + (-261)/(-6) is divided by 24?
17
Calculate the remainder when 71 is divided by (2*-9)/(((-105)/14)/5).
11
Suppose 16*b = 14*b + 14. What is the remainder when b is divided by 2?
1
Let o(g) = g + 14. Let a be o(0). Let b(c) = -22*c - 1. Let j be b(-1). Let i = j - a. What is the remainder when 13 is divided by i?
6
Suppose -3*j = -4*u + 79, 2*u + 12 = -2*j + 48. What is the remainder when 74 is divided by u?
17
Let n(l) = -4*l + 2 + 6 - 7. What is the remainder when 62 is divided by n(-3)?
10
Let b = 37 - 66. Let c = b - -50. Calculate the remainder when c is divided by 11.
10
Let l = 3 + 0. Suppose -b + l = -16. Suppose -c + 5*a + 22 = 0, -3*c - a = -46 - 68. What is the remainder when c is divided by b?
18
Let r(f) = f. Let l be r(5). Suppose -3*x = -l*n - 1 - 3, -2*n - 10 = -4*x. What is the remainder when x is divided by 2?
1
Suppose 0 = -y + 3, 5*v - 2*y - 478 = 2*y. Suppose -v = -4*z + 234. Calculate the remainder when z is divided by 21.
20
Suppose -31 = -4*u + 3*g, 0 = -4*u + 4*g + 13 + 15. Suppose -5*l - 4 = -119. What is the remainder when l is divided by (u - -2)/((-3)/(-2))?
7
Let t(z) be the third derivative of z**5/20 - z**4/24 + z**3/6 + z**2. What is the remainder when 8 is divided by t(1)?
2
Let j(g) = -g**2 + 4*g - 3. Let a = -4 + 8. Let p = a + -3. Calculate the remainder when j(2) is divided by p.
0
Let f(x) = 3*x - 7. Suppose -2 - 28 = -3*z. Let q be f(z). Let y = q + -4. What is the remainder when y is divided by 10?
9
Let g(l) = 3*l**2 + l - 1. Let j be g(1). Suppose -6 = -j*q + 39. Calculate the remainder when 73 is divided by q.
13
Let t = -24 - -42. Let g be (-2 + 56)/3 + 1. Suppose 137 = 3*h - g. What is the remainder when h is divided by t?
16
Suppose 3*i + 65 = v - 59, 4*i + 126 = v. Calculate the remainder when v is divided by 40.
38
Suppose 4 = -g + 3. What is the remainder when 39 is divided by (-22 + 2)/g - -1?
18
Let t be ((-20)/8)/(3/(-6)). Suppose -z = -2*z + t. Calculate the remainder when z is divided by 2.
1
Let z = 42 - 22. Let f = 27 - -50. What is the remainder when f is divided by z?
17
Let n = 17 + -10. Suppose -8*l + 4*l + 12 = 0. Suppose -l*t = -7*t + 48. Calculate the remainder when t is divided by n.
5
Let w = -26 + 55. Suppose 0 = -5*r - 3*z + 78, -r - z + 9 = -7. Calculate the remainder when w is divided by r.
14
Suppose -4*d = p - 12 - 30, 4*p = 5*d + 84. Calculate the remainder when 102 is divided by p.
24
Let g = 45 - 22. Let d = 37 - g. What is the remainder when 55 is divided by d?
13
Let f = 74 + -43. Let k = f - 16. Calculate the remainder when k is divided by 8.
7
Let b(n) = 16*n - 27. Suppose -4 = 2*y, 0 = -o - 3*o + 3*y + 114. Let c = o + -14. What is the remainder when b(4) is divided by c?
11
Let h be ((-10)/(-4))/((-3)/(-18)). Calculate the remainder when 49 is divided by 51/(-2)*(-10)/h.
15
Suppose 0 = -i + 3, -c - i = -4. Suppose 2 + 0 = 2*b. Calculate the remainder when b is divided by c.
0
Suppose -t + 2*t + 5*z - 28 = 0, -3*z + 61 = 4*t. Suppose 5*l - 4*a + 7 = 53, 4*l - 41 = -a. Let y = l + t. Calculate the remainder when y is divided by 12.
11
Suppose 3*k - 83 = -23. What is the remainder when 99 is divided by k?
19
Suppose 0 = -5*i + 3 + 62. Calculate the remainder when 61 is divided by i.
9
Let v(c) = -3*c. Let f be (-192)/33 - (-2)/(-11). What is the remainder when 33 is divided by v(f)?
15
Let y(o) = -o**3 - 8*o**2 + 9*o + 2. Let p be y(-9). Calculate the remainder when (32/12)/(p/15) is divided by 11.
9
Let i(d) = -d**2 - 5*d + 40. Calculate the remainder when 12 is divided by i(4).
0
Let v = 40 + 67. What is the remainder when